{"id":7974,"date":"2020-09-15T09:54:42","date_gmt":"2020-09-15T09:54:42","guid":{"rendered":"https:\/\/www.planbwagen.de\/?page_id=7974"},"modified":"2020-12-03T18:45:26","modified_gmt":"2020-12-03T18:45:26","slug":"ccc-camper-cleanup-campaign","status":"publish","type":"page","link":"https:\/\/www.planbwagen.de\/it\/campagna-di-pulizia-dei-camper-della-ccc\/","title":{"rendered":"CCC - Campagna di pulizia dei camper"},"content":{"rendered":"<p>[et_pb_section fb_built=&#8220;1&#8243; custom_padding_last_edited=&#8220;on|desktop&#8220; next_background_color=&#8220;#949292&#8243; admin_label=&#8220;Header&#8220; _builder_version=&#8220;4.5.1&#8243; background_color=&#8220;#4c4c50&#8243; background_image=&#8220;https:\/\/planbwagen.de\/wp-content\/uploads\/2020\/08\/sight-seeing-49.png&#8220; background_size=&#8220;contain&#8220; background_position=&#8220;bottom_center&#8220; custom_padding=&#8220;||225px|||&#8220; custom_padding_tablet=&#8220;0px||5vw&#8220; custom_padding_phone=&#8220;&#8220; bottom_divider_style=&#8220;asymmetric&#8220; box_shadow_vertical_tablet=&#8220;&#8220; box_shadow_vertical_phone=&#8220;&#8220; box_shadow_vertical_last_edited=&#8220;on|tablet&#8220; locked=&#8220;off&#8220;][et_pb_row column_structure=&#8220;1_2,1_2&#8243; _builder_version=&#8220;4.5.1&#8243; module_alignment=&#8220;center&#8220; custom_margin=&#8220;-4px|auto||auto||&#8220; animation_style=&#8220;slide&#8220; animation_direction=&#8220;top&#8220; locked=&#8220;off&#8220;][et_pb_column type=&#8220;1_2&#8243; _builder_version=&#8220;3.25&#8243; custom_padding=&#8220;|||&#8220; custom_padding__hover=&#8220;|||&#8220;][et_pb_text _builder_version=&#8220;4.5.1&#8243; text_font=&#8220;Lato||||||||&#8220; text_font_size=&#8220;22px&#8220; text_line_height=&#8220;1.8em&#8220; header_font=&#8220;DCC Ash|700|||||||&#8220; header_font_size=&#8220;80px&#8220; header_line_height=&#8220;1.2em&#8220; background_layout=&#8220;dark&#8220; text_font_size_tablet=&#8220;&#8220; text_font_size_phone=&#8220;18px&#8220; text_font_size_last_edited=&#8220;on|phone&#8220; header_font_size_tablet=&#8220;60px&#8220; header_font_size_phone=&#8220;60px&#8220; header_font_size_last_edited=&#8220;on|phone&#8220;]<\/p>\n<h1 style=\"text-align: left;\">CCC - Campagna di pulizia dei camper<\/h1>\n<p>[\/et_pb_text][et_pb_text _builder_version=&#8220;4.5.1&#8243; _module_preset=&#8220;default&#8220; text_font=&#8220;Montserrat||||||||&#8220; text_font_size=&#8220;30px&#8220; header_2_font=&#8220;Ash||||||||&#8220;]<\/p>\n<p style=\"text-align: left;\"><span style=\"color: #ffffff;\">&#8222;Was wir heute tun, entscheidet dar\u00fcber, wie die Welt morgen aussieht.&#8220;<\/span><\/p>\n<p style=\"text-align: left;\"><span style=\"color: #ffffff;\"><span style=\"font-size: medium;\">- Marie Baronessa Ebner von Eschenbach<\/span><\/span><\/p>\n<p>[\/et_pb_text][et_pb_divider color=&#8220;#ffffff&#8220; divider_weight=&#8220;5px&#8220; _builder_version=&#8220;3.23.3&#8243; max_width=&#8220;100px&#8220; locked=&#8220;off&#8220;][\/et_pb_divider][\/et_pb_column][et_pb_column type=&#8220;1_2&#8243; _builder_version=&#8220;3.25&#8243; custom_padding=&#8220;|||&#8220; custom_padding__hover=&#8220;|||&#8220;][et_pb_image src=&#8220;https:\/\/planbwagen.de\/wp-content\/uploads\/2020\/08\/15885822fghj88.png&#8220; title_text=&#8220;15885822fghj88&#8243; _builder_version=&#8220;4.5.1&#8243; _module_preset=&#8220;default&#8220; module_alignment=&#8220;right&#8220; custom_padding=&#8220;|||30%|false|false&#8220;][\/et_pb_image][\/et_pb_column][\/et_pb_row][\/et_pb_section][et_pb_section fb_built=&#8220;1&#8243; _builder_version=&#8220;4.5.1&#8243; _module_preset=&#8220;default&#8220; background_color=&#8220;#949292&#8243;][et_pb_row _builder_version=&#8220;4.5.1&#8243; _module_preset=&#8220;default&#8220; animation_style=&#8220;slide&#8220; animation_direction=&#8220;top&#8220;][et_pb_column type=&#8220;4_4&#8243; _builder_version=&#8220;4.5.1&#8243; _module_preset=&#8220;default&#8220;][et_pb_blog fullwidth=&#8220;off&#8220; posts_number=&#8220;10000&#8243; include_categories=&#8220;24&#8243; masonry_tile_background_color=&#8220;#444545&#8243; _builder_version=&#8220;4.5.1&#8243; _module_preset=&#8220;default&#8220; header_text_color=&#8220;#ffffff&#8220; body_text_color=&#8220;#ffffff&#8220; meta_text_color=&#8220;#ffffff&#8220; border_width_all=&#8220;0px&#8220; box_shadow_style=&#8220;preset1&#8243;][\/et_pb_blog][\/et_pb_column][\/et_pb_row][et_pb_row _builder_version=&#8220;4.5.1&#8243; _module_preset=&#8220;default&#8220;][et_pb_column type=&#8220;4_4&#8243; _builder_version=&#8220;4.5.1&#8243; _module_preset=&#8220;default&#8220;][et_pb_divider color=&#8220;#ffffff&#8220; _builder_version=&#8220;4.5.1&#8243; _module_preset=&#8220;default&#8220; min_height=&#8220;140px&#8220;][\/et_pb_divider][et_pb_text _builder_version=&#8220;4.5.1&#8243; _module_preset=&#8220;default&#8220; text_text_color=&#8220;#ffffff&#8220; header_text_color=&#8220;#ffffff&#8220; header_2_text_color=&#8220;#ffffff&#8220;]<\/p>\n<h2><strong>Pulizia dell'oceano, delle spiagge e dei fiumi<\/strong><\/h2>\n<p>La nostra campagna CCC Camper Cleanup mira a sensibilizzare i campeggiatori alla consapevolezza ambientale, al cambiamento climatico e alla sostenibilit\u00e0. Questi temi riguardano tutti noi e spesso \u00e8 difficile prestare attenzione alla nostra impronta ecologica, soprattutto quando si viaggia. Tuttavia, spesso \u00e8 cos\u00ec facile fare qualcosa di buono e tutti possono fare la loro parte per migliorare l'ambiente. Il nostro motto \u00e8: Smettete di lamentarvi e di demandare il compito agli altri e partecipate voi stessi al miglioramento dell'ambiente. Abbiamo molto tempo a disposizione, soprattutto quando siamo in viaggio. Tempo per rilassarsi, tempo per pensare, ma anche tempo per fare del bene. Ognuno di noi ha almeno 10 minuti per raccogliere un po' di spazzatura, in modo che i luoghi pi\u00f9 belli rimangano tali e non vengano completamente abbandonati per le generazioni future. Invitiamo inoltre tutti a postare la propria pulizia per dare il buon esempio e incoraggiare e motivare gli altri ad agire a loro volta.<\/p>\n<p>&nbsp;<\/p>\n<h2><strong>Studio di sensibilizzazione ambientale<\/strong><\/h2>\n<p>Pi\u00f9 persone che mai considerano importante la protezione del clima e prestano maggiore attenzione alla propria impronta ecologica. Vedono i politici come responsabili, ma anche loro stessi. 64% dei tedeschi ritengono che la protezione dell'ambiente e del clima sia una questione molto importante che deve essere affrontata insieme. Si tratta di 11% in pi\u00f9 rispetto al 2016, secondo lo studio \"Environmental Awareness in Germany 2018\".<\/p>\n<p>&nbsp;<\/p>\n<h2><strong>L'impronta ecologica<\/strong><\/h2>\n<p>La definizione di impronta ecologica \u00e8 l'area biologica e produttiva sulla terra necessaria per consentire lo stile e il tenore di vita di una persona nel lungo periodo. Si tratta di un indicatore di sostenibilit\u00e0. L'impronta ecologica della Germania nel 2019 \u00e8 molto alta: sarebbero necessarie tre Terre se la popolazione mondiale vivesse come quella tedesca.<\/p>\n<p><strong>\u00a0<\/strong><\/p>\n<h2><strong>Viaggiare in modo ecologico<\/strong><\/h2>\n<p>Molte persone scelgono consapevolmente di viaggiare in camper perch\u00e9 \u00e8 pi\u00f9 ecologico che viaggiare in aereo e permette di essere pi\u00f9 vicini alla natura e di viverla attivamente. Ma \u00e8 proprio allora che si nota l'enorme inquinamento ambientale pi\u00f9 che quando si trascorre la vacanza in un villaggio turistico. Molti campeggiatori cercano l'avventura, luoghi incontaminati e vogliono stare lontani dalle attrazioni turistiche. Tuttavia, \u00e8 importante che questi luoghi rimangano incontaminati e che ognuno porti con s\u00e9 i propri rifiuti. Questa \u00e8 una parte essenziale del nostro viaggio, in particolare.<\/p>\n<p><strong>\u00a0<\/strong><\/p>\n<h2><strong>Cambiamento climatico: \u00e8 gi\u00e0 troppo tardi?<\/strong><\/h2>\n<p>Le domande \"Quanto sono consapevole dell'ambiente?\", \"Quanto tempo ci resta?\", \"Quanto calore pu\u00f2 tollerare la Terra?\" stanno diventando sempre pi\u00f9 importanti. Il punto \u00e8 che non possiamo tornare indietro nel tempo, non possiamo annullare i danni che il cambiamento climatico ha causato al nostro mondo, ma insieme possiamo fare tutto il possibile per migliorare il futuro. Dire che non vi riguarda o che non volete avere a che fare con questo problema \u00e8 un errore! Riguarda tutti noi, ed \u00e8 per questo che \u00e8 importante agire tutti insieme. Ognuno deve iniziare da se stesso e ripensare il proprio comportamento di consumo e il proprio stile di vita. Come ha detto splendidamente il Dalai Lama: \"Sii il cambiamento che desideri vedere in questo mondo\".<\/p>\n<p>&nbsp;<\/p>\n<h2><strong>Il nostro comportamento di consumatori influenza il clima<\/strong><\/h2>\n<p>Il nostro comportamento di consumatori ha un forte impatto sul cambiamento climatico. Ognuno di noi pu\u00f2 scegliere cosa consumare, da quali Paesi consumare e quanto consumare. In particolare, gli imballaggi e le spedizioni da Paesi lontani causano enormi danni all'ambiente. Anche l'importazione di cibo, abbigliamento, ecc. contribuisce al riscaldamento globale. Un grande passo verso il miglioramento sarebbe quello di assicurarsi di consumare prodotti locali. Dovremmo anche consumare in modo pi\u00f9 consapevole. Dovremmo pensare se abbiamo davvero bisogno di questo capo di abbigliamento, perch\u00e9 la maggior parte di esso non ci serve. Noi europei occidentali, in particolare, viviamo in una tale abbondanza che non ci farebbe male consumare un po' meno.<\/p>\n<p>[\/et_pb_text][\/et_pb_column][\/et_pb_row][\/et_pb_section]<\/p>","protected":false},"excerpt":{"rendered":"<p>[et_pb_section fb_built=&#8220;1&#8243; custom_padding_last_edited=&#8220;on|desktop&#8220; next_background_color=&#8220;#949292&#8243; admin_label=&#8220;Header&#8220; _builder_version=&#8220;4.5.1&#8243; background_color=&#8220;#4c4c50&#8243; background_image=&#8220;https:\/\/planbwagen.de\/wp-content\/uploads\/2020\/08\/sight-seeing-49.png&#8220; background_size=&#8220;contain&#8220; background_position=&#8220;bottom_center&#8220; custom_padding=&#8220;||225px|||&#8220; custom_padding_tablet=&#8220;0px||5vw&#8220; custom_padding_phone=&#8220;&#8220; bottom_divider_style=&#8220;asymmetric&#8220; box_shadow_vertical_tablet=&#8220;&#8220; box_shadow_vertical_phone=&#8220;&#8220; box_shadow_vertical_last_edited=&#8220;on|tablet&#8220; locked=&#8220;off&#8220;][et_pb_row column_structure=&#8220;1_2,1_2&#8243; _builder_version=&#8220;4.5.1&#8243; module_alignment=&#8220;center&#8220; custom_margin=&#8220;-4px|auto||auto||&#8220; animation_style=&#8220;slide&#8220; animation_direction=&#8220;top&#8220; locked=&#8220;off&#8220;][et_pb_column type=&#8220;1_2&#8243; _builder_version=&#8220;3.25&#8243; custom_padding=&#8220;|||&#8220; custom_padding__hover=&#8220;|||&#8220;][et_pb_text _builder_version=&#8220;4.5.1&#8243; text_font=&#8220;Lato||||||||&#8220; text_font_size=&#8220;22px&#8220; text_line_height=&#8220;1.8em&#8220; header_font=&#8220;DCC Ash|700|||||||&#8220; header_font_size=&#8220;80px&#8220; header_line_height=&#8220;1.2em&#8220; background_layout=&#8220;dark&#8220; text_font_size_tablet=&#8220;&#8220; text_font_size_phone=&#8220;18px&#8220; text_font_size_last_edited=&#8220;on|phone&#8220; header_font_size_tablet=&#8220;60px&#8220; header_font_size_phone=&#8220;60px&#8220; header_font_size_last_edited=&#8220;on|phone&#8220;] CCC &#8211; Camper Cleanup Campaign [\/et_pb_text][et_pb_text _builder_version=&#8220;4.5.1&#8243; _module_preset=&#8220;default&#8220; text_font=&#8220;Montserrat||||||||&#8220; text_font_size=&#8220;30px&#8220; header_2_font=&#8220;Ash||||||||&#8220;] [&hellip;]<\/p>","protected":false},"author":1,"featured_media":0,"parent":0,"menu_order":0,"comment_status":"closed","ping_status":"closed","template":"","meta":{"_et_pb_use_builder":"on","_et_pb_old_content":"","_et_gb_content_width":"","footnotes":""},"class_list":["post-7974","page","type-page","status-publish","hentry"],"_links":{"self":[{"href":"https:\/\/www.planbwagen.de\/it\/wp-json\/wp\/v2\/pages\/7974","targetHints":{"allow":["GET"]}}],"collection":[{"href":"https:\/\/www.planbwagen.de\/it\/wp-json\/wp\/v2\/pages"}],"about":[{"href":"https:\/\/www.planbwagen.de\/it\/wp-json\/wp\/v2\/types\/page"}],"author":[{"embeddable":true,"href":"https:\/\/www.planbwagen.de\/it\/wp-json\/wp\/v2\/users\/1"}],"replies":[{"embeddable":true,"href":"https:\/\/www.planbwagen.de\/it\/wp-json\/wp\/v2\/comments?post=7974"}],"version-history":[{"count":15,"href":"https:\/\/www.planbwagen.de\/it\/wp-json\/wp\/v2\/pages\/7974\/revisions"}],"predecessor-version":[{"id":9975,"href":"https:\/\/www.planbwagen.de\/it\/wp-json\/wp\/v2\/pages\/7974\/revisions\/9975"}],"wp:attachment":[{"href":"https:\/\/www.planbwagen.de\/it\/wp-json\/wp\/v2\/media?parent=7974"}],"curies":[{"name":"wp","href":"https:\/\/api.w.org\/{rel}","templated":true}]}}

<p>[et_pb_section fb_built=&#8220;1&#8243; custom_padding_last_edited=&#8220;on|desktop&#8220; next_background_color=&#8220;#949292&#8243; admin_label=&#8220;Header&#8220; _builder_version=&#8220;4.5.1&#8243; background_color=&#8220;#4c4c50&#8243; background_image=&#8220;https://planbwagen.de/wp-content/uploads/2020/08/sight-seeing-49.png&#8220; background_size=&#8220;contain&#8220; background_position=&#8220;bottom_center&#8220; custom_padding=&#8220;||225px|||&#8220; custom_padding_tablet=&#8220;0px||5vw&#8220; custom_padding_phone=&#8220;&#8220; bottom_divider_style=&#8220;asymmetric&#8220; box_shadow_vertical_tablet=&#8220;&#8220; box_shadow_vertical_phone=&#8220;&#8220; box_shadow_vertical_last_edited=&#8220;on|tablet&#8220; locked=&#8220;off&#8220;][et_pb_row column_structure=&#8220;1_2,1_2&#8243; _builder_version=&#8220;4.5.1&#8243; module_alignment=&#8220;center&#8220; custom_margin=&#8220;-4px|auto||auto||&#8220; animation_style=&#8220;slide&#8220; animation_direction=&#8220;top&#8220; locked=&#8220;off&#8220;][et_pb_column type=&#8220;1_2&#8243; _builder_version=&#8220;3.25&#8243; custom_padding=&#8220;|||&#8220; custom_padding__hover=&#8220;|||&#8220;][et_pb_text _builder_version=&#8220;4.5.1&#8243; text_font=&#8220;Lato||||||||&#8220; text_font_size=&#8220;22px&#8220; text_line_height=&#8220;1.8em&#8220; header_font=&#8220;DCC Ash|700|||||||&#8220; header_font_size=&#8220;80px&#8220; header_line_height=&#8220;1.2em&#8220; background_layout=&#8220;dark&#8220; text_font_size_tablet=&#8220;&#8220; text_font_size_phone=&#8220;18px&#8220; text_font_size_last_edited=&#8220;on|phone&#8220; header_font_size_tablet=&#8220;60px&#8220; header_font_size_phone=&#8220;60px&#8220; header_font_size_last_edited=&#8220;on|phone&#8220;]</p>
<h1 style="text-align: left;">CCC - Campagna di pulizia dei camper</h1>
<p>[/et_pb_text][et_pb_text _builder_version=&#8220;4.5.1&#8243; _module_preset=&#8220;default&#8220; text_font=&#8220;Montserrat||||||||&#8220; text_font_size=&#8220;30px&#8220; header_2_font=&#8220;Ash||||||||&#8220;]</p>
<p style="text-align: left;"><span style="color: #ffffff;">&#8222;Was wir heute tun, entscheidet darüber, wie die Welt morgen aussieht.&#8220;</span></p>
<p style="text-align: left;"><span style="color: #ffffff;"><span style="font-size: medium;">- Marie Baronessa Ebner von Eschenbach</span></span></p>
<p>[/et_pb_text][et_pb_divider color=&#8220;#ffffff&#8220; divider_weight=&#8220;5px&#8220; _builder_version=&#8220;3.23.3&#8243; max_width=&#8220;100px&#8220; locked=&#8220;off&#8220;][/et_pb_divider][/et_pb_column][et_pb_column type=&#8220;1_2&#8243; _builder_version=&#8220;3.25&#8243; custom_padding=&#8220;|||&#8220; custom_padding__hover=&#8220;|||&#8220;][et_pb_image src=&#8220;https://planbwagen.de/wp-content/uploads/2020/08/15885822fghj88.png&#8220; title_text=&#8220;15885822fghj88&#8243; _builder_version=&#8220;4.5.1&#8243; _module_preset=&#8220;default&#8220; module_alignment=&#8220;right&#8220; custom_padding=&#8220;|||30%|false|false&#8220;][/et_pb_image][/et_pb_column][/et_pb_row][/et_pb_section][et_pb_section fb_built=&#8220;1&#8243; _builder_version=&#8220;4.5.1&#8243; _module_preset=&#8220;default&#8220; background_color=&#8220;#949292&#8243;][et_pb_row _builder_version=&#8220;4.5.1&#8243; _module_preset=&#8220;default&#8220; animation_style=&#8220;slide&#8220; animation_direction=&#8220;top&#8220;][et_pb_column type=&#8220;4_4&#8243; _builder_version=&#8220;4.5.1&#8243; _module_preset=&#8220;default&#8220;][et_pb_blog fullwidth=&#8220;off&#8220; posts_number=&#8220;10000&#8243; include_categories=&#8220;24&#8243; masonry_tile_background_color=&#8220;#444545&#8243; _builder_version=&#8220;4.5.1&#8243; _module_preset=&#8220;default&#8220; header_text_color=&#8220;#ffffff&#8220; body_text_color=&#8220;#ffffff&#8220; meta_text_color=&#8220;#ffffff&#8220; border_width_all=&#8220;0px&#8220; box_shadow_style=&#8220;preset1&#8243;][/et_pb_blog][/et_pb_column][/et_pb_row][et_pb_row _builder_version=&#8220;4.5.1&#8243; _module_preset=&#8220;default&#8220;][et_pb_column type=&#8220;4_4&#8243; _builder_version=&#8220;4.5.1&#8243; _module_preset=&#8220;default&#8220;][et_pb_divider color=&#8220;#ffffff&#8220; _builder_version=&#8220;4.5.1&#8243; _module_preset=&#8220;default&#8220; min_height=&#8220;140px&#8220;][/et_pb_divider][et_pb_text _builder_version=&#8220;4.5.1&#8243; _module_preset=&#8220;default&#8220; text_text_color=&#8220;#ffffff&#8220; header_text_color=&#8220;#ffffff&#8220; header_2_text_color=&#8220;#ffffff&#8220;]</p>
<h2><strong>Pulizia dell'oceano, delle spiagge e dei fiumi</strong></h2>
<p>La nostra campagna CCC Camper Cleanup mira a sensibilizzare i campeggiatori alla consapevolezza ambientale, al cambiamento climatico e alla sostenibilità. Questi temi riguardano tutti noi e spesso è difficile prestare attenzione alla nostra impronta ecologica, soprattutto quando si viaggia. Tuttavia, spesso è così facile fare qualcosa di buono e tutti possono fare la loro parte per migliorare l'ambiente. Il nostro motto è: Smettete di lamentarvi e di demandare il compito agli altri e partecipate voi stessi al miglioramento dell'ambiente. Abbiamo molto tempo a disposizione, soprattutto quando siamo in viaggio. Tempo per rilassarsi, tempo per pensare, ma anche tempo per fare del bene. Ognuno di noi ha almeno 10 minuti per raccogliere un po' di spazzatura, in modo che i luoghi più belli rimangano tali e non vengano completamente abbandonati per le generazioni future. Invitiamo inoltre tutti a postare la propria pulizia per dare il buon esempio e incoraggiare e motivare gli altri ad agire a loro volta.</p>
<p>&nbsp;</p>
<h2><strong>Studio di sensibilizzazione ambientale</strong></h2>
<p>Più persone che mai considerano importante la protezione del clima e prestano maggiore attenzione alla propria impronta ecologica. Vedono i politici come responsabili, ma anche loro stessi. 64% dei tedeschi ritengono che la protezione dell'ambiente e del clima sia una questione molto importante che deve essere affrontata insieme. Si tratta di 11% in più rispetto al 2016, secondo lo studio "Environmental Awareness in Germany 2018".</p>
<p>&nbsp;</p>
<h2><strong>L'impronta ecologica</strong></h2>
<p>La definizione di impronta ecologica è l'area biologica e produttiva sulla terra necessaria per consentire lo stile e il tenore di vita di una persona nel lungo periodo. Si tratta di un indicatore di sostenibilità. L'impronta ecologica della Germania nel 2019 è molto alta: sarebbero necessarie tre Terre se la popolazione mondiale vivesse come quella tedesca.</p>
<p><strong> </strong></p>
<h2><strong>Viaggiare in modo ecologico</strong></h2>
<p>Molte persone scelgono consapevolmente di viaggiare in camper perché è più ecologico che viaggiare in aereo e permette di essere più vicini alla natura e di viverla attivamente. Ma è proprio allora che si nota l'enorme inquinamento ambientale più che quando si trascorre la vacanza in un villaggio turistico. Molti campeggiatori cercano l'avventura, luoghi incontaminati e vogliono stare lontani dalle attrazioni turistiche. Tuttavia, è importante che questi luoghi rimangano incontaminati e che ognuno porti con sé i propri rifiuti. Questa è una parte essenziale del nostro viaggio, in particolare.</p>
<p><strong> </strong></p>
<h2><strong>Cambiamento climatico: è già troppo tardi?</strong></h2>
<p>Le domande "Quanto sono consapevole dell'ambiente?", "Quanto tempo ci resta?", "Quanto calore può tollerare la Terra?" stanno diventando sempre più importanti. Il punto è che non possiamo tornare indietro nel tempo, non possiamo annullare i danni che il cambiamento climatico ha causato al nostro mondo, ma insieme possiamo fare tutto il possibile per migliorare il futuro. Dire che non vi riguarda o che non volete avere a che fare con questo problema è un errore! Riguarda tutti noi, ed è per questo che è importante agire tutti insieme. Ognuno deve iniziare da se stesso e ripensare il proprio comportamento di consumo e il proprio stile di vita. Come ha detto splendidamente il Dalai Lama: "Sii il cambiamento che desideri vedere in questo mondo".</p>
<p>&nbsp;</p>
<h2><strong>Il nostro comportamento di consumatori influenza il clima</strong></h2>
<p>Il nostro comportamento di consumatori ha un forte impatto sul cambiamento climatico. Ognuno di noi può scegliere cosa consumare, da quali Paesi consumare e quanto consumare. In particolare, gli imballaggi e le spedizioni da Paesi lontani causano enormi danni all'ambiente. Anche l'importazione di cibo, abbigliamento, ecc. contribuisce al riscaldamento globale. Un grande passo verso il miglioramento sarebbe quello di assicurarsi di consumare prodotti locali. Dovremmo anche consumare in modo più consapevole. Dovremmo pensare se abbiamo davvero bisogno di questo capo di abbigliamento, perché la maggior parte di esso non ci serve. Noi europei occidentali, in particolare, viviamo in una tale abbondanza che non ci farebbe male consumare un po' meno.</p>
<p>[/et_pb_text][/et_pb_column][/et_pb_row][/et_pb_section]</p>
