{"id":2383,"date":"2020-07-30T11:07:15","date_gmt":"2020-07-30T11:07:15","guid":{"rendered":"https:\/\/planbwagen.de\/?page_id=2383"},"modified":"2020-12-10T12:25:48","modified_gmt":"2020-12-10T12:25:48","slug":"butch-friends","status":"publish","type":"page","link":"https:\/\/www.planbwagen.de\/es\/amigos-marimachos\/","title":{"rendered":"Butch y sus amigos"},"content":{"rendered":"<p>[et_pb_section fb_built=&#8220;1&#8243; custom_padding_last_edited=&#8220;on|desktop&#8220; next_background_color=&#8220;#949292&#8243; admin_label=&#8220;Header&#8220; _builder_version=&#8220;4.5.1&#8243; background_color=&#8220;#4c4c50&#8243; background_image=&#8220;https:\/\/planbwagen.de\/wp-content\/uploads\/2020\/08\/sight-seeing-49.png&#8220; background_size=&#8220;contain&#8220; background_position=&#8220;bottom_center&#8220; custom_padding=&#8220;||225px|||&#8220; custom_padding_tablet=&#8220;0px||5vw&#8220; custom_padding_phone=&#8220;&#8220; bottom_divider_style=&#8220;asymmetric&#8220; box_shadow_vertical_tablet=&#8220;&#8220; box_shadow_vertical_phone=&#8220;&#8220; box_shadow_vertical_last_edited=&#8220;on|tablet&#8220; locked=&#8220;off&#8220;][et_pb_row column_structure=&#8220;1_2,1_2&#8243; _builder_version=&#8220;4.5.1&#8243; module_alignment=&#8220;center&#8220; animation_style=&#8220;slide&#8220; animation_direction=&#8220;top&#8220; locked=&#8220;off&#8220;][et_pb_column type=&#8220;1_2&#8243; _builder_version=&#8220;3.25&#8243; custom_padding=&#8220;|||&#8220; custom_padding__hover=&#8220;|||&#8220;][et_pb_text _builder_version=&#8220;4.5.1&#8243; text_font=&#8220;Lato||||||||&#8220; text_font_size=&#8220;22px&#8220; text_line_height=&#8220;1.8em&#8220; header_font=&#8220;DCC Ash|700|||||||&#8220; header_font_size=&#8220;80px&#8220; header_line_height=&#8220;1.2em&#8220; background_layout=&#8220;dark&#8220; text_font_size_tablet=&#8220;&#8220; text_font_size_phone=&#8220;18px&#8220; text_font_size_last_edited=&#8220;on|phone&#8220; header_font_size_tablet=&#8220;60px&#8220; header_font_size_phone=&#8220;60px&#8220; header_font_size_last_edited=&#8220;on|phone&#8220;]<\/p>\n<h1 style=\"text-align: left;\">Butch y sus amigos<\/h1>\n<p>[\/et_pb_text][et_pb_text _builder_version=&#8220;4.5.1&#8243; _module_preset=&#8220;default&#8220; text_font=&#8220;Montserrat||||||||&#8220; text_font_size=&#8220;30px&#8220; header_2_font=&#8220;Ash||||||||&#8220;]<\/p>\n<p style=\"text-align: left;\"><span style=\"color: #ffffff;\">&#8222;Freunde sind die Familie, <\/span><span style=\"color: #ffffff;\">die man sich aussucht&#8220;<\/span><\/p>\n<p style=\"text-align: left;\"><span style=\"color: #ffffff;\"><\/span><\/p>\n<p>[\/et_pb_text][et_pb_divider color=&#8220;#ffffff&#8220; divider_weight=&#8220;5px&#8220; _builder_version=&#8220;3.23.3&#8243; max_width=&#8220;100px&#8220; locked=&#8220;off&#8220;][\/et_pb_divider][\/et_pb_column][et_pb_column type=&#8220;1_2&#8243; _builder_version=&#8220;3.25&#8243; custom_padding=&#8220;|||&#8220; custom_padding__hover=&#8220;|||&#8220;][et_pb_image src=&#8220;https:\/\/www.planbwagen.de\/wp-content\/uploads\/2020\/12\/logo-12ENDER-wei\u00df-300&#215;300.png&#8220; alt=&#8220;Logo PlanBwagen mit Grafik VW T6.1 SpaceCamper mit Terranger Umbau in Camouflage&#8220; title_text=&#8220;planBwagen&#8220; _builder_version=&#8220;4.5.1&#8243; _module_preset=&#8220;default&#8220;][\/et_pb_image][\/et_pb_column][\/et_pb_row][\/et_pb_section][et_pb_section fb_built=&#8220;1&#8243; _builder_version=&#8220;4.5.1&#8243; _module_preset=&#8220;default&#8220; background_color=&#8220;#949292&#8243;][et_pb_row _builder_version=&#8220;4.5.1&#8243; _module_preset=&#8220;default&#8220; background_color=&#8220;#949292&#8243; animation_style=&#8220;slide&#8220; animation_direction=&#8220;top&#8220;][et_pb_column type=&#8220;4_4&#8243; _builder_version=&#8220;4.5.1&#8243; _module_preset=&#8220;default&#8220;][et_pb_blog fullwidth=&#8220;off&#8220; posts_number=&#8220;10000&#8243; include_categories=&#8220;18&#8243; masonry_tile_background_color=&#8220;#273037&#8243; _builder_version=&#8220;4.5.1&#8243; _module_preset=&#8220;default&#8220; header_font=&#8220;Montserrat||||||||&#8220; header_text_color=&#8220;#ffffff&#8220; body_font=&#8220;Montserrat||||||||&#8220; body_text_color=&#8220;#ffffff&#8220; meta_text_color=&#8220;#949292&#8243; read_more_text_color=&#8220;#ffffff&#8220; background_color=&#8220;#949292&#8243; border_width_all=&#8220;0px&#8220; box_shadow_style=&#8220;preset1&#8243;][\/et_pb_blog][\/et_pb_column][\/et_pb_row][et_pb_row _builder_version=&#8220;4.5.1&#8243; _module_preset=&#8220;default&#8220;][et_pb_column type=&#8220;4_4&#8243; _builder_version=&#8220;4.5.1&#8243; _module_preset=&#8220;default&#8220;][et_pb_divider color=&#8220;#ffffff&#8220; _builder_version=&#8220;4.5.1&#8243; _module_preset=&#8220;default&#8220; min_height=&#8220;140px&#8220;][\/et_pb_divider][et_pb_text _builder_version=&#8220;4.5.1&#8243; _module_preset=&#8220;default&#8220; text_text_color=&#8220;#ffffff&#8220; header_text_color=&#8220;#ffffff&#8220; header_2_text_color=&#8220;#ffffff&#8220; header_3_text_color=&#8220;#ffffff&#8220;]<\/p>\n<h1><strong>Butch y sus amigos<\/strong><\/h1>\n<p><strong><\/strong><\/p>\n<h2><strong>La amistad<\/strong><\/h2>\n<p>Como yo digo, los amigos son la familia que puedes elegir. Tener a tu lado a los amigos adecuados contribuir\u00e1 sin duda a tu felicidad y calidad de vida. La gente siempre dice que los amigos van y vienen, pero si cuidas tus amistades y te tratas con respeto y calidez, pueden durar eternamente. A menudo conocer\u00e1s en la vida a personas de las que esperabas que no fueran amigos, pero en realidad no lo son. Por otro lado, conocer\u00e1s a personas con las que quiz\u00e1 no te lleves bien de entrada, pero que resultan ser amigos en la necesidad. Hay amigos en la vida y amigos para toda la vida.<\/p>\n<p>&nbsp;<\/p>\n<h2><strong>Verano de la memoria<\/strong><\/h2>\n<p>Nuestra buena amiga, B\u00e1rbara, comparti\u00f3 con nosotros sus recuerdos tan especiales de su infancia en Andaluc\u00eda. Sol\u00eda viajar a ese lugar del que tanto habla con su madre para recuperarse de una infecci\u00f3n pulmonar y recargar las pilas. Habla de una actitud completamente diferente ante la vida, ligera y despreocupada. El aire c\u00e1lido, la brisa fresca del mar y los colores vivos e intensos son recuerdos que probablemente llevar\u00e1 siempre en el coraz\u00f3n.<\/p>\n<p>Los recuerdos de las vacaciones, cualquier tipo de recuerdo, no s\u00f3lo los llevamos en la memoria, sino m\u00e1s bien en el coraz\u00f3n. Las personas que hemos conocido, los lugares que hemos visto, el amor que hemos experimentado, todo ello deja huellas en nosotros. Llenar la vida de recuerdos vale mucho m\u00e1s que el dinero y las posesiones. Los recuerdos hermosos son los verdaderos tesoros de la vida. Conservan y guardan nuestros sue\u00f1os y nos dan valor para cada nuevo paso.<\/p>\n<p>&nbsp;<\/p>\n<h2><strong>Libertad significa tener el valor de realizar los propios sue\u00f1os<\/strong><\/h2>\n<p>El valor es lo que nos hace avanzar y nos ayuda a ser felices. Andrea, mi antigua compa\u00f1era de piso, dio un gran paso con su pareja Craig hace alg\u00fan tiempo, 6 a\u00f1os para ser exactos. Los dos dejaron su residencia y se fueron en autocaravana a Tenerife a vivir all\u00ed.<\/p>\n<p>Esa es la libertad a la que me refiero. Me alegro de que la sociedad avance cada vez m\u00e1s en la direcci\u00f3n de la libertad y la autodeterminaci\u00f3n. Hoy en d\u00eda, todo es posible. Tenemos 1000 posibilidades de realizarnos, de desarrollarnos y podemos tomar el camino que queramos para nosotros mismos. Ya sea profesi\u00f3n, residencia o pareja, somos completamente libres en nuestras decisiones y podemos perseguir plenamente nuestra felicidad.<\/p>\n<p>No debes posponer tu felicidad hasta alg\u00fan momento. Tendemos a decir: \"No ser\u00e9 feliz hasta que...\", pero eso es un error, porque somos libres. Si no eres feliz en tu trabajo, si quieres emigrar, si quieres dejarlo todo y vivir tu vida en una caravana, hazlo. La libertad no es una met\u00e1fora.<\/p>\n<p>&nbsp;<\/p>\n<h2><strong>\u00bfQu\u00e9 es la calidad de vida?<\/strong><\/h2>\n<p>Para m\u00ed, el tiempo con la gente tiene un gran impacto en mi calidad de vida. Ya sea con la familia o con los amigos, el tiempo de calidad es muy importante para nuestro bienestar. Hablar durante horas, intercambiar ideas con una copa de vino, eso es lo que para m\u00ed da sentido a la vida. El tiempo es gratis, pero es el bien m\u00e1s importante que tenemos. Podemos utilizar nuestro tiempo como queramos, con nuestros seres queridos o solos. Lo importante es utilizarlo sabiamente y no sentir que lo malgastamos, dedicando tiempo a cosas que nos hacen infelices. No debemos estar siempre esperando algo. No esperar a que llegue el mejor momento, sino hacer del presente el mejor momento. Eso es lo que me hace feliz y eso es lo que la calidad de vida significa para m\u00ed.<\/p>\n<p>[\/et_pb_text][\/et_pb_column][\/et_pb_row][\/et_pb_section]<\/p>","protected":false},"excerpt":{"rendered":"<p>[et_pb_section fb_built=&#8220;1&#8243; custom_padding_last_edited=&#8220;on|desktop&#8220; next_background_color=&#8220;#949292&#8243; admin_label=&#8220;Header&#8220; _builder_version=&#8220;4.5.1&#8243; background_color=&#8220;#4c4c50&#8243; background_image=&#8220;https:\/\/planbwagen.de\/wp-content\/uploads\/2020\/08\/sight-seeing-49.png&#8220; background_size=&#8220;contain&#8220; background_position=&#8220;bottom_center&#8220; custom_padding=&#8220;||225px|||&#8220; custom_padding_tablet=&#8220;0px||5vw&#8220; custom_padding_phone=&#8220;&#8220; bottom_divider_style=&#8220;asymmetric&#8220; box_shadow_vertical_tablet=&#8220;&#8220; box_shadow_vertical_phone=&#8220;&#8220; box_shadow_vertical_last_edited=&#8220;on|tablet&#8220; locked=&#8220;off&#8220;][et_pb_row column_structure=&#8220;1_2,1_2&#8243; _builder_version=&#8220;4.5.1&#8243; module_alignment=&#8220;center&#8220; animation_style=&#8220;slide&#8220; animation_direction=&#8220;top&#8220; locked=&#8220;off&#8220;][et_pb_column type=&#8220;1_2&#8243; _builder_version=&#8220;3.25&#8243; custom_padding=&#8220;|||&#8220; custom_padding__hover=&#8220;|||&#8220;][et_pb_text _builder_version=&#8220;4.5.1&#8243; text_font=&#8220;Lato||||||||&#8220; text_font_size=&#8220;22px&#8220; text_line_height=&#8220;1.8em&#8220; header_font=&#8220;DCC Ash|700|||||||&#8220; header_font_size=&#8220;80px&#8220; header_line_height=&#8220;1.2em&#8220; background_layout=&#8220;dark&#8220; text_font_size_tablet=&#8220;&#8220; text_font_size_phone=&#8220;18px&#8220; text_font_size_last_edited=&#8220;on|phone&#8220; header_font_size_tablet=&#8220;60px&#8220; header_font_size_phone=&#8220;60px&#8220; header_font_size_last_edited=&#8220;on|phone&#8220;] Butch &amp; Friends [\/et_pb_text][et_pb_text _builder_version=&#8220;4.5.1&#8243; _module_preset=&#8220;default&#8220; text_font=&#8220;Montserrat||||||||&#8220; text_font_size=&#8220;30px&#8220; header_2_font=&#8220;Ash||||||||&#8220;] &#8222;Freunde sind die [&hellip;]<\/p>","protected":false},"author":1,"featured_media":0,"parent":0,"menu_order":0,"comment_status":"closed","ping_status":"closed","template":"","meta":{"_et_pb_use_builder":"on","_et_pb_old_content":"","_et_gb_content_width":"","footnotes":""},"class_list":["post-2383","page","type-page","status-publish","hentry"],"_links":{"self":[{"href":"https:\/\/www.planbwagen.de\/es\/wp-json\/wp\/v2\/pages\/2383","targetHints":{"allow":["GET"]}}],"collection":[{"href":"https:\/\/www.planbwagen.de\/es\/wp-json\/wp\/v2\/pages"}],"about":[{"href":"https:\/\/www.planbwagen.de\/es\/wp-json\/wp\/v2\/types\/page"}],"author":[{"embeddable":true,"href":"https:\/\/www.planbwagen.de\/es\/wp-json\/wp\/v2\/users\/1"}],"replies":[{"embeddable":true,"href":"https:\/\/www.planbwagen.de\/es\/wp-json\/wp\/v2\/comments?post=2383"}],"version-history":[{"count":27,"href":"https:\/\/www.planbwagen.de\/es\/wp-json\/wp\/v2\/pages\/2383\/revisions"}],"predecessor-version":[{"id":10199,"href":"https:\/\/www.planbwagen.de\/es\/wp-json\/wp\/v2\/pages\/2383\/revisions\/10199"}],"wp:attachment":[{"href":"https:\/\/www.planbwagen.de\/es\/wp-json\/wp\/v2\/media?parent=2383"}],"curies":[{"name":"wp","href":"https:\/\/api.w.org\/{rel}","templated":true}]}}

<p>[et_pb_section fb_built=&#8220;1&#8243; custom_padding_last_edited=&#8220;on|desktop&#8220; next_background_color=&#8220;#949292&#8243; admin_label=&#8220;Header&#8220; _builder_version=&#8220;4.5.1&#8243; background_color=&#8220;#4c4c50&#8243; background_image=&#8220;https://planbwagen.de/wp-content/uploads/2020/08/sight-seeing-49.png&#8220; background_size=&#8220;contain&#8220; background_position=&#8220;bottom_center&#8220; custom_padding=&#8220;||225px|||&#8220; custom_padding_tablet=&#8220;0px||5vw&#8220; custom_padding_phone=&#8220;&#8220; bottom_divider_style=&#8220;asymmetric&#8220; box_shadow_vertical_tablet=&#8220;&#8220; box_shadow_vertical_phone=&#8220;&#8220; box_shadow_vertical_last_edited=&#8220;on|tablet&#8220; locked=&#8220;off&#8220;][et_pb_row column_structure=&#8220;1_2,1_2&#8243; _builder_version=&#8220;4.5.1&#8243; module_alignment=&#8220;center&#8220; animation_style=&#8220;slide&#8220; animation_direction=&#8220;top&#8220; locked=&#8220;off&#8220;][et_pb_column type=&#8220;1_2&#8243; _builder_version=&#8220;3.25&#8243; custom_padding=&#8220;|||&#8220; custom_padding__hover=&#8220;|||&#8220;][et_pb_text _builder_version=&#8220;4.5.1&#8243; text_font=&#8220;Lato||||||||&#8220; text_font_size=&#8220;22px&#8220; text_line_height=&#8220;1.8em&#8220; header_font=&#8220;DCC Ash|700|||||||&#8220; header_font_size=&#8220;80px&#8220; header_line_height=&#8220;1.2em&#8220; background_layout=&#8220;dark&#8220; text_font_size_tablet=&#8220;&#8220; text_font_size_phone=&#8220;18px&#8220; text_font_size_last_edited=&#8220;on|phone&#8220; header_font_size_tablet=&#8220;60px&#8220; header_font_size_phone=&#8220;60px&#8220; header_font_size_last_edited=&#8220;on|phone&#8220;]</p>
<h1 style="text-align: left;">Butch y sus amigos</h1>
<p>[/et_pb_text][et_pb_text _builder_version=&#8220;4.5.1&#8243; _module_preset=&#8220;default&#8220; text_font=&#8220;Montserrat||||||||&#8220; text_font_size=&#8220;30px&#8220; header_2_font=&#8220;Ash||||||||&#8220;]</p>
<p style="text-align: left;"><span style="color: #ffffff;">&#8222;Freunde sind die Familie, </span><span style="color: #ffffff;">die man sich aussucht&#8220;</span></p>
<p style="text-align: left;"><span style="color: #ffffff;"></span></p>
<p>[/et_pb_text][et_pb_divider color=&#8220;#ffffff&#8220; divider_weight=&#8220;5px&#8220; _builder_version=&#8220;3.23.3&#8243; max_width=&#8220;100px&#8220; locked=&#8220;off&#8220;][/et_pb_divider][/et_pb_column][et_pb_column type=&#8220;1_2&#8243; _builder_version=&#8220;3.25&#8243; custom_padding=&#8220;|||&#8220; custom_padding__hover=&#8220;|||&#8220;][et_pb_image src=&#8220;https://www.planbwagen.de/wp-content/uploads/2020/12/logo-12ENDER-weiß-300&#215;300.png&#8220; alt=&#8220;Logo PlanBwagen mit Grafik VW T6.1 SpaceCamper mit Terranger Umbau in Camouflage&#8220; title_text=&#8220;planBwagen&#8220; _builder_version=&#8220;4.5.1&#8243; _module_preset=&#8220;default&#8220;][/et_pb_image][/et_pb_column][/et_pb_row][/et_pb_section][et_pb_section fb_built=&#8220;1&#8243; _builder_version=&#8220;4.5.1&#8243; _module_preset=&#8220;default&#8220; background_color=&#8220;#949292&#8243;][et_pb_row _builder_version=&#8220;4.5.1&#8243; _module_preset=&#8220;default&#8220; background_color=&#8220;#949292&#8243; animation_style=&#8220;slide&#8220; animation_direction=&#8220;top&#8220;][et_pb_column type=&#8220;4_4&#8243; _builder_version=&#8220;4.5.1&#8243; _module_preset=&#8220;default&#8220;][et_pb_blog fullwidth=&#8220;off&#8220; posts_number=&#8220;10000&#8243; include_categories=&#8220;18&#8243; masonry_tile_background_color=&#8220;#273037&#8243; _builder_version=&#8220;4.5.1&#8243; _module_preset=&#8220;default&#8220; header_font=&#8220;Montserrat||||||||&#8220; header_text_color=&#8220;#ffffff&#8220; body_font=&#8220;Montserrat||||||||&#8220; body_text_color=&#8220;#ffffff&#8220; meta_text_color=&#8220;#949292&#8243; read_more_text_color=&#8220;#ffffff&#8220; background_color=&#8220;#949292&#8243; border_width_all=&#8220;0px&#8220; box_shadow_style=&#8220;preset1&#8243;][/et_pb_blog][/et_pb_column][/et_pb_row][et_pb_row _builder_version=&#8220;4.5.1&#8243; _module_preset=&#8220;default&#8220;][et_pb_column type=&#8220;4_4&#8243; _builder_version=&#8220;4.5.1&#8243; _module_preset=&#8220;default&#8220;][et_pb_divider color=&#8220;#ffffff&#8220; _builder_version=&#8220;4.5.1&#8243; _module_preset=&#8220;default&#8220; min_height=&#8220;140px&#8220;][/et_pb_divider][et_pb_text _builder_version=&#8220;4.5.1&#8243; _module_preset=&#8220;default&#8220; text_text_color=&#8220;#ffffff&#8220; header_text_color=&#8220;#ffffff&#8220; header_2_text_color=&#8220;#ffffff&#8220; header_3_text_color=&#8220;#ffffff&#8220;]</p>
<h1><strong>Butch y sus amigos</strong></h1>
<p><strong></strong></p>
<h2><strong>La amistad</strong></h2>
<p>Como yo digo, los amigos son la familia que puedes elegir. Tener a tu lado a los amigos adecuados contribuirá sin duda a tu felicidad y calidad de vida. La gente siempre dice que los amigos van y vienen, pero si cuidas tus amistades y te tratas con respeto y calidez, pueden durar eternamente. A menudo conocerás en la vida a personas de las que esperabas que no fueran amigos, pero en realidad no lo son. Por otro lado, conocerás a personas con las que quizá no te lleves bien de entrada, pero que resultan ser amigos en la necesidad. Hay amigos en la vida y amigos para toda la vida.</p>
<p>&nbsp;</p>
<h2><strong>Verano de la memoria</strong></h2>
<p>Nuestra buena amiga, Bárbara, compartió con nosotros sus recuerdos tan especiales de su infancia en Andalucía. Solía viajar a ese lugar del que tanto habla con su madre para recuperarse de una infección pulmonar y recargar las pilas. Habla de una actitud completamente diferente ante la vida, ligera y despreocupada. El aire cálido, la brisa fresca del mar y los colores vivos e intensos son recuerdos que probablemente llevará siempre en el corazón.</p>
<p>Los recuerdos de las vacaciones, cualquier tipo de recuerdo, no sólo los llevamos en la memoria, sino más bien en el corazón. Las personas que hemos conocido, los lugares que hemos visto, el amor que hemos experimentado, todo ello deja huellas en nosotros. Llenar la vida de recuerdos vale mucho más que el dinero y las posesiones. Los recuerdos hermosos son los verdaderos tesoros de la vida. Conservan y guardan nuestros sueños y nos dan valor para cada nuevo paso.</p>
<p>&nbsp;</p>
<h2><strong>Libertad significa tener el valor de realizar los propios sueños</strong></h2>
<p>El valor es lo que nos hace avanzar y nos ayuda a ser felices. Andrea, mi antigua compañera de piso, dio un gran paso con su pareja Craig hace algún tiempo, 6 años para ser exactos. Los dos dejaron su residencia y se fueron en autocaravana a Tenerife a vivir allí.</p>
<p>Esa es la libertad a la que me refiero. Me alegro de que la sociedad avance cada vez más en la dirección de la libertad y la autodeterminación. Hoy en día, todo es posible. Tenemos 1000 posibilidades de realizarnos, de desarrollarnos y podemos tomar el camino que queramos para nosotros mismos. Ya sea profesión, residencia o pareja, somos completamente libres en nuestras decisiones y podemos perseguir plenamente nuestra felicidad.</p>
<p>No debes posponer tu felicidad hasta algún momento. Tendemos a decir: "No seré feliz hasta que...", pero eso es un error, porque somos libres. Si no eres feliz en tu trabajo, si quieres emigrar, si quieres dejarlo todo y vivir tu vida en una caravana, hazlo. La libertad no es una metáfora.</p>
<p>&nbsp;</p>
<h2><strong>¿Qué es la calidad de vida?</strong></h2>
<p>Para mí, el tiempo con la gente tiene un gran impacto en mi calidad de vida. Ya sea con la familia o con los amigos, el tiempo de calidad es muy importante para nuestro bienestar. Hablar durante horas, intercambiar ideas con una copa de vino, eso es lo que para mí da sentido a la vida. El tiempo es gratis, pero es el bien más importante que tenemos. Podemos utilizar nuestro tiempo como queramos, con nuestros seres queridos o solos. Lo importante es utilizarlo sabiamente y no sentir que lo malgastamos, dedicando tiempo a cosas que nos hacen infelices. No debemos estar siempre esperando algo. No esperar a que llegue el mejor momento, sino hacer del presente el mejor momento. Eso es lo que me hace feliz y eso es lo que la calidad de vida significa para mí.</p>
<p>[/et_pb_text][/et_pb_column][/et_pb_row][/et_pb_section]</p>
